 -1434. Is u a prime number?
False
Let g = 937 - -686. Is g a composite number?
True
Let r(b) = 2*b**2 + 14*b - 5. Let h be r(-11). Suppose 0 = 3*s - h - 124. Is s prime?
False
Let m be ((-312)/18)/(1/(-3)). Let p = m - -105. Is p a composite number?
False
Let l = 400 + -147. Is l prime?
False
Let r = 245 + -114. Is r a prime number?
True
Suppose 13*a - 3018 = 7*a. Is a prime?
True
Let r(q) = q**2 + q + 5. Let f be r(0). Suppose 2*m - 56 = 5*t, 0 = 2*m + f*t - 89 + 13. Is m composite?
True
Let v(t) = 3*t**2 + 22*t + 11. Let y(g) be the second derivative of -7*g**4/12 - 15*g**3/2 - 11*g**2 + 2*g. Let w(b) = -5*v(b) - 2*y(b). Is w(-8) prime?
False
Is (-396344)/(-407) - (1 + 13/(-11)) prime?
False
Let t(p) = -11*p**3 - 5*p**2 - 5*p - 9. Is t(-4) a composite number?
True
Suppose 0 = -5*o + l + 375, -3*l + 71 = o - 4*l. Let r(w) = -5*w - 4. Let k be r(-5). Let t = o - k. Is t prime?
False
Let a(h) = -14*h + 2. Let i be a(-2). Is (4/(-4))/((-2)/i) a prime number?
False
Let p(x) = -2 + 6*x - 5*x**2 + 3*x**3 - 2 - 2*x**3. Suppose 0*h = -v + 4*h, -2*h = v - 6. Is p(v) a composite number?
True
Let i = -57 + 620. Is i a composite number?
False
Suppose 5*v - 21 - 4 = 0. Suppose 6 = -l + 2*l. Is v + 3*l/9 a prime number?
True
Suppose -638 = -5*n - 0*n - 3*o, n - 132 = -5*o. Is n a composite number?
False
Let j be (-2)/(-7)*14/2. Let d(z) = -z**3 + z**2 - 2*z - 1. Let q be d(j). Is -3*(93/q + -2) a composite number?
False
Let t(o) = -33*o + 1. Is t(-12) a prime number?
True
Let r = -4 - -1. Is r/(3/(-26)) + 0 composite?
True
Suppose -65 = -2*c - 5*n - 0*n, 103 = 3*c + 2*n. Is c a prime number?
False
Let y be 4/1 + 1*314. Suppose -3*j - 6 = 0, -3*m + y = -m - 2*j. Is m composite?
False
Let n be 8/36 - 178/(-9). Suppose -301 = -5*v - 2*i - 78, 5*i = n. Is v a prime number?
True
Suppose 2*v + 372 = -0*v. Let h = -100 + 405. Let c = v + h. Is c a composite number?
True
Suppose 5*a - 339 = 166. Let c = a - 417. Is (-3 + 1)*c/8 a composite number?
False
Suppose 12 = 7*x - x. Is (24/(-4))/(x/(-223)) prime?
False
Let g(r) = 12*r**2 + 2*r + 13. Is g(-10) a composite number?
False
Suppose -4770 = -2*v - 916. Suppose 4*a - j - v = -2*j, -j - 2402 = -5*a. Is a a prime number?
False
Suppose 0 = -3*n - 4*r + 306, 3*n + 5*r + 227 = 5*n. Is n composite?
True
Let v(u) = 3*u**3 - 2*u**2 - u + 2. Let c be v(2). Suppose 5*g - 35 = 5*z, -g = -3*z - z - c. Suppose -g*r = -79 + 19. Is r a prime number?
False
Let w(d) = 56*d**2 + d + 1. Is w(-2) a prime number?
True
Is (2 - -161)*(-4)/(-4) prime?
True
Suppose 2*l = l + 1. Is 2*l*(-1325)/(-10) a composite number?
True
Suppose -4*o - 4 = -2*f, -2*o + 13 = 4*f - 25. Is (-766)/(-6) - f/12 prime?
True
Let v be -28 + 3*4/6. Let d = v - -63. Is d a prime number?
True
Suppose 0 = -6*v + v, 2252 = 4*q - 4*v. Is q prime?
True
Suppose -5*i - 4 = -2*h - 16, -4*i + 4 = 4*h. Let c(n) = 1 - 1 - 22*n. Is c(h) a composite number?
True
Let r(d) = 29*d - 2. Let l = -1 + 5. Let n be r(l). Suppose 2*q - n = -0*q. Is q a prime number?
False
Let c = 279 - -21. Let x = 500 - c. Suppose 5*f = 3*s + 218, 4*f + 6*s - x = 2*s. Is f a composite number?
True
Suppose 8*a - 333 = -5. Let j = 108 - a. Is j composite?
False
Let w = 2 - -1. Suppose -w*g = -a - a - 4, -a + 11 = 5*g. Suppose -g*t = -7*t + 185. Is t composite?
False
Let q(i) = -i - 1. Let c be q(-7). Let m(j) = -j**3 + 5*j**2 + 7*j + 7. Is m(c) a composite number?
False
Suppose -4*c = -0*s - 2*s + 196, 457 = 4*s + 5*c. Suppose -4*l + q + 3*q + s = 0, l - 3*q = 35. Let f = l + -4. Is f composite?
False
Let z = 27 - 24. Suppose 8*g - z*g = 1865. Is g a prime number?
True
Suppose 0 = -5*d + 402 + 7153. Is d prime?
True
Suppose -3*j + 1383 = 2*z, 4*z = -3*j + 1413 - 30. Suppose 761 = 5*m - 4*y, -3*m - 3*y + j = -y. Suppose 0 = -4*a + m - 5. Is a prime?
True
Suppose -3*v = -6*k + 3*k + 15, 4*k - 3*v - 18 = 0. Suppose -k*y - 2*q + 240 = -18, 2*y + 3*q = 177. Suppose y = 4*l + 4*m + 36, 0 = -l - 5*m. Is l composite?
True
Let q(m) = m. Let n be q(4). Suppose -n*b + b = -2031. Is b prime?
True
Let b = 168 + 389. Is b a prime number?
True
Let u(r) = r**3 + 4*r**2 + 3*r + 2. Let z be u(-3). Let d be (-1 - -2)/((-2)/(-134)). Suppose -z*v + d = -v. Is v prime?
True
Suppose 10*g - 5*g - 2120 = 0. Suppose -107 = v - g. Is v prime?
True
Let u = 421 + -104. Is u a composite number?
False
Suppose 0*p - 18 = 3*p. Let j(k) = k + 6. Let n be j(p). Is (n - 1) + (1 - -34) prime?
False
Suppose 5*p - 4*c + 471 = -5*c, 4*c = -5*p - 474. Let g = 202 - 11. Let u = g + p. Is u prime?
True
Suppose -2*h + 2*t + 11 = -27, 5*h - 75 = t. Suppose -246 = h*i - 17*i. Is i a prime number?
False
Suppose -u + 9*i = 4*i + 14, 2*i = -u + 21. Let m = u - 7. Suppose -18 - 70 = -m*q. Is q composite?
True
Let t(j) = 4*j**2 - 2*j + 1. Let a be t(1). Let n = a + -13. Is (-2)/(-5) - 526/n prime?
True
Let v(m) = 22*m**2 + m + 8. Is v(5) a composite number?
False
Let h(g) = -10*g**3 + 3*g**2 + 4*g - 6. Let n be h(5). Is (1 + 0)/((-9)/n) prime?
False
Let b(r) = 2*r**3 - 3*r**2 + 7*r - 9. Let i(f) = f**3 - 2*f**2 + 4*f - 4. Let w(o) = -6*b(o) + 13*i(o). Let p(h) = h**2 - 6*h. Let k be p(7). Is w(k) composite?
False
Is (-4)/(-18) + 17026/9 + 3 a prime number?
False
Suppose -2*t + 5*t + 15211 = 2*o, -2*o + t + 15213 = 0. Is o prime?
True
Let t be (12/10)/(18/(-45)). Is (-1)/t - (-2496)/18 prime?
True
Let b be 1*(3/(-3) - -1). Suppose -2*f - f + 57 = b. Is f a composite number?
False
Suppose 920 = 3*s + 2*s. Suppose 0 = -v + 5*v - s. Suppose 0 = -2*y - 0*y + v. Is y composite?
False
Let b = -349 - -792. Is b a prime number?
True
Suppose 0 = 4*r + n - 2244, -4*n = -3*r - 0*n + 1702. Is r composite?
True
Suppose 12 = -3*w + 5*b - 3*b, -b = -4*w - 16. Let o be (w/(-5))/((-6)/(-345)). Suppose -4*g + 3*n + 157 = 0, -g + 5*n = 2*n - o. Is g prime?
True
Let q be 2734/8 - 3/(-12). Suppose -q = -4*z + z. Let l = 275 - z. Is l composite?
True
Suppose 2*g = 5*p - 24, 0 = -5*p - 4*g + 16 - 4. Suppose -5*v + 5*r = 3*r - 885, -p*v + 705 = -r. Let f = -96 + v. Is f a composite number?
False
Let o = -4 + 6. Suppose b + 48 = o. Let j = -15 - b. Is j a prime number?
True
Let p(l) = -33*l**3 + 2*l**2 + 3*l - 3. Is p(-4) composite?
False
Let j = -1 - -9. Let y be (90/4)/((-6)/j). Is (1/(-2))/(1/y) prime?
False
Suppose -4*k - 5*u = 8, -4*u + 33 + 18 = -5*k. Let w be (-4)/14 + (-37)/k. Let j(s) = 18*s - 5. Is j(w) composite?
True
Suppose -2*f = p + 4, 0*f + 3*f - 21 = 3*p. Let l(z) = -43*z - 7. Is l(p) a prime number?
True
Suppose 4*m + 5*a = -296, 2*m + 65 = -a - 83. Is (2*m/4)/(-1) composite?
False
Suppose 2*j + 2*j - 18 = -5*o, -3*o + 3*j = -27. Is o a composite number?
True
Suppose 0 = -2*j - 0*j + 3*v + 77, v - 110 = -3*j. Suppose -j = -0*m - m. Suppose r - 90 = m. Is r prime?
True
Let p(b) = -b + 1. Let i be p(-4). Suppose i*k + 74 = n, -2*k = -n - 0*k + 59. Is n prime?
False
Let v(w) = -133*w**2 + 7*w - 3. Let m(a) = 33*a**2 - 2*a + 1. Let i(c) = 9*m(c) + 2*v(c). Is i(2) a composite number?
True
Let d be (-1)/(-6) - 11/(-6). Suppose 0 = d*l - 3 - 9. Let r = 12 - l. Is r composite?
True
Let w be (-8)/4 + (2 - -2). Is (0 - 2103)*w/(-6) prime?
True
Suppose 5*l = -953 - 537. Let m = 481 + l. Is m a prime number?
False
Is 559 - -4*(0 - -1) a prime number?
True
Suppose -4*p = 4*h + 4, -h + 5*p + 23 = -0*p. Is 1470/18 - (-1)/h prime?
False
Let t(o) = 4*o**2 + 3*o + 7 - 4*o - 5*o**2. Let c be t(6). Let u = c + 58. Is u a prime number?
True
Let v = 267 - 89. Is v a prime number?
False
Let z(g) = -4*g**3 - 5*g**2 - 2*g - 6. Is z(-4) prime?
False
Suppose 4*q - w - 1173 = 0, 3*q - 372 - 511 = 4*w. Is q prime?
True
Let x(f) = f**3 - 12*f**2 - 11*f + 21. Is x(14) prime?
False
Suppose 3*a = -3*f - 2*f + 2745, 4*f = a - 932. Suppose -4*d + a = 3*v, d - 3*v = 231 + 14. Is d a composite number?
False
Suppose 6*y = 3*y - 3*d + 45, -5*y = -4*d - 75. Let a = y - -82. Is a composite?
False
Let x = 10 + -12. Is (-27)/x + 9/(-18) a prime number?
True
Let p = 191 - 7. Suppose -4*q + 5*s = -p, -q + s + 149 = 2*q. Is q a prime number?
False
Suppose -4*n = 4*j - 16, 2*n - 16 = -4*j + 3*n. Suppose s + 3*s + 4 = -j*m, 17 = 3*m - s. Suppose 0 = -2*f + m*f - 102. Is f prime?
False
Is 4/(-12) + 61014/9 a prime number?
True
Let s(j) = -46*j - 7. Is s(-2) a composite number?
True
Let v(o) = 453*o + 2